e number?
True
Is 44736623401 a composite number?
True
Is 9673546723 composite?
True
Is 1601250647 prime?
True
Is 117127370114 a prime number?
False
Is 117847189589 a prime number?
True
Is 20277686203 a composite number?
False
Is 27785589133 prime?
True
Is 1672312001 prime?
True
Is 128954221 composite?
True
Is 6251024201 a prime number?
False
Is 117662238919 composite?
False
Is 622767179 composite?
False
Is 2551057571 composite?
True
Is 23304528839 a composite number?
False
Is 127869250649 a prime number?
False
Is 19701372809 a prime number?
False
Is 2307398263 composite?
True
Is 62972882197 a composite number?
True
Is 2944862461 a composite number?
False
Is 1860308669 a prime number?
False
Is 444945227 prime?
True
Is 3341695339 prime?
False
Is 8235560617 a prime number?
True
Is 17824771931 composite?
False
Is 69268645 prime?
False
Is 1676624233 a composite number?
False
Is 215122767109 composite?
True
Is 2922951979 composite?
False
Is 43591907419 a composite number?
False
Is 18559203703 prime?
True
Is 3019301765 a composite number?
True
Is 30623268211 a composite number?
False
Is 1173137191 a composite number?
True
Is 7553207827 prime?
False
Is 460390823 a prime number?
True
Is 723466613 a prime number?
True
Is 30903191357 prime?
True
Is 1272564697 a composite number?
False
Is 3830141167 a prime number?
False
Is 3282307673 a prime number?
False
Is 218618786839 a composite number?
False
Is 235761809 prime?
True
Is 8030730469 composite?
False
Is 5188680439 a composite number?
True
Is 10319938957 prime?
False
Is 478107559 a composite number?
False
Is 172686061139 composite?
True
Is 4542396811 prime?
True
Is 7102030939 a composite number?
False
Is 344030849 prime?
False
Is 2233339007 composite?
False
Is 7130098657 a prime number?
False
Is 31832353633 prime?
False
Is 108348351887 composite?
True
Is 333318703 composite?
False
Is 19875031097 a prime number?
True
Is 25345382303 prime?
True
Is 774615811 a prime number?
False
Is 1446751981 composite?
True
Is 67663889 prime?
False
Is 2522791379 a composite number?
False
Is 8319733537 a prime number?
False
Is 3024434843 a prime number?
True
Is 6074440291 composite?
False
Is 12184495231 composite?
True
Is 2439637737 composite?
True
Is 43118941 a composite number?
False
Is 1010847889 a prime number?
False
Is 503834323 a prime number?
True
Is 3049903127 composite?
False
Is 28697707 a composite number?
False
Is 1286378909 a composite number?
False
Is 35022611297 a composite number?
True
Is 341653577 a composite number?
True
Is 41430071549 a prime number?
True
Is 4722942317 a prime number?
True
Is 8829927871 composite?
False
Is 32372305003 prime?
True
Is 139628429 a composite number?
True
Is 10692183703 a composite number?
True
Is 18511476209 a prime number?
True
Is 136503299266 a prime number?
False
Is 1337545439 a composite number?
False
Is 34163919949 a composite number?
False
Is 4025338129 composite?
False
Is 9383029 a composite number?
True
Is 4040064013 a prime number?
True
Is 5158263619 a prime number?
True
Is 14977218665 a composite number?
True
Is 614250057 a composite number?
True
Is 1101309803 prime?
False
Is 87604528309 prime?
True
Is 246373679 a composite number?
True
Is 82238656287 a composite number?
True
Is 32015487929 composite?
True
Is 1128556139 prime?
True
Is 2207363129 prime?
True
Is 823535017 composite?
False
Is 459622463 a prime number?
True
Is 970852513 composite?
True
Is 30217427677 composite?
True
Is 145930861 prime?
False
Is 1503248057 a composite number?
False
Is 677499721 a composite number?
False
Is 5474409553 prime?
False
Is 1807394881 a prime number?
False
Is 20683692219 composite?
True
Is 3512277266 prime?
False
Is 724270067 a prime number?
False
Is 2517387547 a prime number?
False
Is 3755115487 a composite number?
True
Is 2804054879 composite?
True
Is 162213349 a prime number?
True
Is 1540152989 composite?
False
Is 53392589 a composite number?
False
Is 60871445689 prime?
True
Is 4257318979 composite?
False
Is 4725024077 a prime number?
True
Is 43614891083 a prime number?
True
Is 193864919 a composite number?
False
Is 73284926054 a composite number?
True
Is 359190331 composite?
True
Is 2137816222 composite?
True
Is 854104229 a prime number?
False
Is 431269093 a prime number?
True
Is 15506883923 a prime number?
True
Is 89037800393 prime?
True
Is 50773045157 a prime number?
True
Is 11966030753 a composite number?
True
Is 2130519959 a composite number?
False
Is 587707691 prime?
True
Is 43206900073 a prime number?
False
Is 45209009149 a composite number?
True
Is 38409103531 prime?
True
Is 38278226507 a composite number?
False
Is 355715947 a prime number?
True
Is 170621879 a prime number?
False
Is 156758561 a composite number?
True
Is 2443764109 a composite number?
False
Is 115738545607 composite?
True
Is 77218830539 a prime number?
True
Is 91396661333 composite?
False
Is 1111718183 a prime number?
True
Is 1723134137 a prime number?
False
Is 64465571 a prime number?
False
Is 75720217 prime?
True
Is 1676588071 a composite number?
True
Is 108309977 a composite number?
False
Is 387222777179 prime?
False
Is 82098170867 composite?
True
Is 3640753 composite?
False
Is 3319888879 prime?
True
Is 36124541 prime?
False
Is 11626318741 a prime number?
False
Is 1283907787 a prime number?
True
Is 1305323249 composite?
True
Is 3303646189 composite?
False
Is 26079033745 composite?
True
Is 3909027409 prime?
False
Is 465094781 a prime number?
True
Is 2105846407 prime?
False
Is 5187522811 prime?
True
Is 23968443153 prime?
False
Is 3111616207 a prime number?
False
Is 1191207361 composite?
True
Is 5026921646 a prime number?
False
Is 20209777831 a composite number?
True
Is 48243441553 a prime number?
False
Is 3491790179 composite?
False
Is 1208328511 composite?
True
Is 1920351523 a prime number?
False
Is 22182927397 a prime number?
True
Is 118875299 prime?
True
Is 37802434801 composite?
True
Is 672013969 a prime number?
False
Is 12509069993 prime?
False
Is 65434876427 composite?
False
Is 122946582791 a prime number?
False
Is 2466031093 prime?
False
Is 136708692677 a composite number?
False
Is 171421151831 a composite number?
True
Is 6320509031 composite?
True
Is 5783506921 prime?
True
Is 117585973363 composite?
True
Is 6375335299 composite?
False
Is 1838387149 a prime number?
True
Is 71771638969 prime?
False
Is 935816951 prime?
True
Is 691253843 a prime number?
False
Is 24468118511 a prime number?
False
Is 87404003461 a composite number?
True
Is 4578283781 prime?
True
Is 25639231 prime?
True
Is 26860108043 composite?
True
Is 260690803 prime?
False
Is 5626794871 composite?
True
Is 963389621 a prime number?
False
Is 827947789 a prime number?
True
Is 858286061 a composite number?
False
Is 96032857 composite?
True
Is 4330939223 composite?
True
Is 6043149389 a composite number?
True
Is 175495795807 a composite number?
False
Is 148077369907 a prime number?
False
Is 1602449999 composite?
False
Is 964211579 a composite number?
False
Is 122130553 a composite number?
True
Is 6293079311 composite?
False
Is 611676739 a prime number?
True
Is 17172938227 a prime number?
True
Is 8666892041 a prime number?
True
Is 586728017 prime?
False
Is 623672171 a composite number?
False
Is 3948542834 composite?
True
Is 34765236329 prime?
False
Is 22079752753 prime?
True
Is 7109187061 a composite number?
False
Is 503059373 a prime number?
True
Is 245440253 prime?
False
Is 33307502057 composite?
False
Is 17059515371 composite?
True
Is 4530368177 a composite number?
False
Is 321606841 a composite number?
False
Is 11784373469 a prime number?
False
Is 103508011559 prime?
True
Is 162734950739 a prime number?
True
Is 69625952321 a composite number?
True
Is 1092933123 composite?
True
Is 589875971 prime?
True
Is 2571303793 prime?
True
Is 5674111 prime?
False
Is 2161804537 a composite number?
True
Is 156505847 a prime number?
True
Is 332753753 a composite number?
False
Is 32002559843 a prime number?
True
Is 73801960163 composite?
False
Is 43246004209 a prime number?
True
Is 20155476662 prime?
False
Is 943714529 a composite number?
False
Is 10370416879 a composite number?
True
Is 9011908429 a composite number?
False
Is 1014936203 a composite number?
True
Is 7821524497 a composite number?
True
Is 15714064411 composite?
True
Is 93633979 a 